t common factor of 307329 and 33?
33
What is the highest common factor of 38 and 57?
19
Calculate the highest common factor of 507228 and 2064.
516
What is the greatest common divisor of 1120 and 247240?
280
What is the highest common factor of 5750 and 82570?
230
What is the greatest common factor of 884 and 3212?
4
What is the greatest common divisor of 59620 and 3720?
20
What is the highest common factor of 263688 and 84?
12
What is the highest common factor of 267151 and 2885?
577
Calculate the greatest common factor of 14233 and 1763.
43
Calculate the highest common factor of 97146 and 1512.
378
What is the highest common divisor of 42 and 818?
2
What is the highest common factor of 160331 and 67?
67
Calculate the greatest common divisor of 1968 and 3034.
82
Calculate the greatest common factor of 382600 and 200.
200
Calculate the greatest common divisor of 13 and 2226887.
13
Calculate the greatest common divisor of 149262 and 9.
3
What is the highest common factor of 2691 and 51727?
299
What is the greatest common divisor of 157066 and 637?
91
What is the highest common divisor of 522 and 84672?
18
Calculate the highest common factor of 22776 and 528.
24
Calculate the greatest common factor of 41297 and 1.
1
Calculate the greatest common factor of 14168 and 1837.
11
Calculate the greatest common factor of 2080 and 71500.
260
What is the greatest common factor of 42795 and 765?
45
What is the greatest common divisor of 252 and 95879?
7
What is the highest common factor of 52428 and 1326?
102
What is the greatest common divisor of 1173 and 15617?
23
Calculate the greatest common factor of 508525 and 600.
25
What is the greatest common divisor of 32346 and 36?
18
What is the highest common divisor of 27 and 54333?
9
Calculate the highest common divisor of 651890 and 146.
146
What is the highest common factor of 770 and 15120?
70
What is the greatest common divisor of 5081 and 23?
1
What is the highest common divisor of 2744 and 41846?
686
What is the greatest common factor of 231 and 35519?
11
Calculate the highest common divisor of 57049 and 2136.
89
What is the highest common factor of 75 and 10914?
3
Calculate the greatest common divisor of 145527 and 39024.
813
Calculate the highest common factor of 395500 and 14.
14
What is the highest common factor of 4674 and 17328?
114
Calculate the highest common factor of 5249838 and 102.
102
What is the greatest common factor of 2047 and 1357?
23
What is the highest common divisor of 20 and 162050?
10
Calculate the highest common divisor of 15 and 654195.
15
Calculate the highest common divisor of 124 and 248868.
124
What is the greatest common divisor of 40047 and 525?
21
Calculate the greatest common divisor of 2241620 and 347.
347
What is the highest common factor of 36168 and 276?
12
Calculate the greatest common factor of 3136 and 56056.
392
What is the greatest common factor of 406 and 2635346?
406
Calculate the greatest common factor of 129 and 10407.
3
Calculate the greatest common divisor of 5208 and 62832.
168
Calculate the highest common factor of 30 and 36495.
15
What is the greatest common divisor of 244 and 802272?
244
What is the highest common factor of 11220 and 3520?
220
Calculate the greatest common factor of 247766 and 1608.
134
Calculate the highest common divisor of 54 and 98754.
6
What is the highest common divisor of 16611 and 1176?
147
What is the greatest common divisor of 325 and 24895?
65
Calculate the highest common factor of 8176196 and 854.
854
Calculate the highest common factor of 12252 and 436.
4
What is the greatest common divisor of 407 and 522995?
407
What is the greatest common factor of 16371 and 6099?
321
Calculate the greatest common factor of 4938846 and 66.
66
Calculate the highest common factor of 10933 and 1352.
13
Calculate the highest common factor of 30 and 8053900.
10
Calculate the greatest common divisor of 207 and 831381.
69
Calculate the greatest common factor of 5 and 90240.
5
What is the greatest common factor of 128 and 1448?
8
Calculate the highest common factor of 198695 and 70.
35
What is the highest common divisor of 13376 and 75449?
209
What is the greatest common divisor of 2210 and 572?
26
What is the greatest common factor of 22 and 78419?
11
What is the greatest common divisor of 9775 and 340?
85
Calculate the greatest common factor of 3424 and 1350340.
428
Calculate the greatest common factor of 66 and 296494.
22
What is the greatest common factor of 7536 and 2352?
48
What is the highest common divisor of 82276 and 2010?
134
What is the highest common divisor of 91 and 597870?
91
What is the greatest common divisor of 9550 and 4966?
382
What is the highest common factor of 9047 and 14193?
83
Calculate the greatest common factor of 6557 and 7900.
79
Calculate the greatest common divisor of 4016 and 248.
8
What is the highest common factor of 208 and 2016534?
26
What is the highest common divisor of 693 and 7686?
63
Calculate the highest common divisor of 945 and 105.
105
Calculate the highest common factor of 264892 and 2068.
188
Calculate the greatest common divisor of 625786 and 14.
14
What is the greatest common factor of 132 and 7612?
44
Calculate the highest common factor of 2245056 and 792.
264
Calculate the greatest common factor of 3258 and 17014.
362
Calculate the greatest common factor of 12342965 and 178.
89
What is the highest common divisor of 16130 and 1230?
10
What is the highest common divisor of 10545 and 570?
285
Calculate the greatest common factor of 117 and 15687.
9
Calculate the highest common factor of 1610 and 285200.
230
What is the greatest common factor of 3050 and 8906?
122
Calculate the highest common divisor of 13085 and 35.
5
What is the highest common factor of 65793 and 6825?
273
Calculate the highest common factor of 18 and 1804851.
9
Calculate the greatest common divisor of 2520 and 696920.
280
What is the highest common factor of 4977 and 27?
9
Calculate the highest common factor of 145775 and 357.
119
What is the highest common divisor of 5875 and 376?
47
Calculate the highest common factor of 9315 and 4293.
81
Calculate the greatest common divisor of 3321 and 729.
81
Calculate the greatest common factor of 2790042 and 6.
6
Calculate the greatest common factor of 3976 and 1582.
14
Calculate the greatest common divisor of 1851744 and 24.
24
Calculate the greatest common factor of 55 and 5168515.
55
Calculate the greatest common divisor of 1989838 and 4966.
382
Calculate the greatest common divisor of 233577 and 24.
3
Calculate the highest common divisor of 42594 and 992.
62
Calculate the greatest common divisor of 110 and 84260.
110
Calculate the greatest common factor of 10 and 4105.
5
Calculate the greatest common factor of 182476 and 1.
1
Calculate the highest common divisor of 471191 and 14.
7
Calculate the greatest common factor of 18 and 15342.
6
What is the greatest common divisor of 356 and 93539?
89
What is the highest common factor of 1073 and 1036?
37
What is the highest common factor of 110 and 34630?
10
Calculate the greatest common factor of 22 and 814550.
22
What is the highest common factor of 17353 and 80668?
469
Calculate the highest common divisor of 2882 and 3537.
131
Calculate the highest common factor of 17530 and 25.
5
Calculate the greatest common factor of 20 and 61510.
10
What is the greatest common divisor of 357834 and 2346?
138
What is the highest common divisor of 4977 and 6336?
9
What is the highest common factor of 2692 and 8516?
4
What is the highest common divisor of 1750 and 2114?
14
Calculate the greatest common divisor of 2760116 and 372.
124
What is the highest common divisor of 76303 and 7?
1
Calculate the highest common divisor of 152353 and 2751.
131
What is the highest common factor of 288 and 14688?
288
What is the greatest common divisor of 220 and 747494?
22
What is the highest common factor of 5700 and 11970?
570
Calculate the greatest common factor of 33 and 558789.
33
What is the greatest common factor of 2519 and 561?
11
What is the greatest common factor of 1596016 and 1104?
368
Calculate the greatest common factor of 3828398 and 14.
14
What is the greatest common divisor of 219 and 177609?
219
Calculate the greatest common divisor of 83886 and